{"id":2813,"date":"2019-06-25T04:07:16","date_gmt":"2019-06-25T04:07:16","guid":{"rendered":"http:\/\/toiden.minhanhmedia.com\/?post_type=product&#038;p=2813"},"modified":"2019-06-27T02:10:57","modified_gmt":"2019-06-27T02:10:57","slug":"toi-den-len-men-di-3-hop-500gr","status":"publish","type":"product","link":"https:\/\/amthuc.mauwebwp.com\/amthuc025\/san-pham\/toi-den-len-men-di-3-hop-500gr\/","title":{"rendered":"T\u1ecfi \u0111en l\u00ean men D\u00ec 3 H\u1ed9p 500gr"},"content":{"rendered":"<p>Trong d\u00e2n gian, t\u1ecfi \u0111\u01b0\u1ee3c s\u1eed d\u1ee5ng nh\u01b0 m\u1ed9t b\u00e0i thu\u1ed1c ch\u1eefa b\u1ec7nh c\u00fam, nhi\u1ec5m tr\u00f9ng, vi\u00eam, si\u00eau vi, trong \u0111\u00f3, t\u1ecfi c\u00f4 \u0111\u01a1n ho\u1eb7c t\u1ecfi m\u1ed9t nh\u00e1nh \u0111\u01b0\u1ee3c nhi\u1ec1u nh\u00e0 nghi\u00ean c\u1ee9u \u0111\u00e1nh gi\u00e1 l\u00e0 lo\u1ea1i th\u1ea3o d\u01b0\u1ee3c qu\u00fd. Ch\u1ee9a nhi\u1ec1u d\u01b0\u1ee3c ch\u1ea5t t\u1ed1t cho c\u01a1 th\u1ec3 nh\u01b0ng t\u1ecfi c\u00f4 \u0111\u01a1n l\u1ea1i c\u00f3 nh\u01b0\u1ee3c \u0111i\u1ec3m l\u00e0 m\u00f9i n\u1ed3ng kh\u00f3 ch\u1ecbu. C\u00e1c nh\u00e0 khoa h\u1ecdc \u0111\u00e3 t\u00ecm c\u00e1ch kh\u1eed m\u00f9i nh\u01b0ng v\u1eabn gi\u1eef nh\u1eefng d\u01b0\u1ee3c ch\u1ea5t t\u1ed1t c\u1ee7a t\u1ecfi b\u1eb1ng c\u00e1ch l\u00ean men t\u1ef1 nhi\u00ean \u0111\u1ec3 t\u1ea1o ra t\u1ecfi \u0111en. H\u01a1n n\u1eefa, qu\u00e1 tr\u00ecnh l\u00ean men kh\u00f4ng l\u00e0m m\u1ea5t th\u00e0nh ph\u1ea7n d\u01b0\u1ee3c l\u00fd c\u1ee7a t\u1ecfi m\u00e0 c\u00f2n t\u0103ng sinh c\u00e1c h\u1ee3p ch\u1ea5t n\u00e0y v\u1edbi h\u00e0m l\u01b0\u1ee3ng cao so v\u1edbi t\u1ecfi t\u01b0\u01a1i.<\/p>\n","protected":false},"excerpt":{"rendered":"<p>Trong d\u00e2n gian, t\u1ecfi \u0111\u01b0\u1ee3c s\u1eed d\u1ee5ng nh\u01b0 m\u1ed9t b\u00e0i thu\u1ed1c ch\u1eefa b\u1ec7nh c\u00fam, nhi\u1ec5m tr\u00f9ng, vi\u00eam, si\u00eau vi, trong \u0111\u00f3, t\u1ecfi c\u00f4 \u0111\u01a1n ho\u1eb7c t\u1ecfi m\u1ed9t nh\u00e1nh \u0111\u01b0\u1ee3c nhi\u1ec1u nh\u00e0 nghi\u00ean c\u1ee9u \u0111\u00e1nh gi\u00e1 l\u00e0 lo\u1ea1i th\u1ea3o d\u01b0\u1ee3c qu\u00fd. Ch\u1ee9a nhi\u1ec1u d\u01b0\u1ee3c ch\u1ea5t t\u1ed1t cho c\u01a1 th\u1ec3 nh\u01b0ng t\u1ecfi c\u00f4 \u0111\u01a1n l\u1ea1i c\u00f3 nh\u01b0\u1ee3c \u0111i\u1ec3m l\u00e0 m\u00f9i n\u1ed3ng kh\u00f3 ch\u1ecbu. C\u00e1c nh\u00e0 khoa h\u1ecdc \u0111\u00e3 t\u00ecm c\u00e1ch kh\u1eed m\u00f9i nh\u01b0ng v\u1eabn gi\u1eef nh\u1eefng d\u01b0\u1ee3c ch\u1ea5t t\u1ed1t c\u1ee7a t\u1ecfi b\u1eb1ng c\u00e1ch l\u00ean men t\u1ef1 nhi\u00ean \u0111\u1ec3 t\u1ea1o ra t\u1ecfi \u0111en. H\u01a1n n\u1eefa, qu\u00e1 tr\u00ecnh l\u00ean men kh\u00f4ng l\u00e0m m\u1ea5t th\u00e0nh ph\u1ea7n d\u01b0\u1ee3c l\u00fd c\u1ee7a t\u1ecfi m\u00e0 c\u00f2n t\u0103ng sinh c\u00e1c h\u1ee3p ch\u1ea5t n\u00e0y v\u1edbi h\u00e0m l\u01b0\u1ee3ng cao so v\u1edbi t\u1ecfi t\u01b0\u01a1i.<\/p>\n","protected":false},"featured_media":2921,"template":"","meta":[],"product_cat":[59],"product_tag":[],"_links":{"self":[{"href":"https:\/\/amthuc.mauwebwp.com\/amthuc025\/wp-json\/wp\/v2\/product\/2813"}],"collection":[{"href":"https:\/\/amthuc.mauwebwp.com\/amthuc025\/wp-json\/wp\/v2\/product"}],"about":[{"href":"https:\/\/amthuc.mauwebwp.com\/amthuc025\/wp-json\/wp\/v2\/types\/product"}],"wp:featuredmedia":[{"embeddable":true,"href":"https:\/\/amthuc.mauwebwp.com\/amthuc025\/wp-json\/wp\/v2\/media\/2921"}],"wp:attachment":[{"href":"https:\/\/amthuc.mauwebwp.com\/amthuc025\/wp-json\/wp\/v2\/media?parent=2813"}],"wp:term":[{"taxonomy":"product_cat","embeddable":true,"href":"https:\/\/amthuc.mauwebwp.com\/amthuc025\/wp-json\/wp\/v2\/product_cat?post=2813"},{"taxonomy":"product_tag","embeddable":true,"href":"https:\/\/amthuc.mauwebwp.com\/amthuc025\/wp-json\/wp\/v2\/product_tag?post=2813"}],"curies":[{"name":"wp","href":"https:\/\/api.w.org\/{rel}","templated":true}]}}